{"id":23,"date":"2018-07-03T11:59:33","date_gmt":"2018-07-03T11:59:33","guid":{"rendered":"https:\/\/ld-wp73.template-help.com\/wordpress\/prod_19731\/v2\/?page_id=23"},"modified":"2024-03-14T06:34:22","modified_gmt":"2024-03-14T06:34:22","slug":"varausehdot","status":"publish","type":"page","link":"https:\/\/retulansaari.fi\/?page_id=23","title":{"rendered":"Varausehdot"},"content":{"rendered":"\t\t<div data-elementor-type=\"wp-post\" data-elementor-id=\"23\" class=\"elementor elementor-23\" data-elementor-settings=\"[]\">\n\t\t\t<div class=\"elementor-inner\">\n\t\t\t\t<div class=\"elementor-section-wrap\">\n\t\t\t\t\t\t\t<section class=\"elementor-element elementor-element-55c459e elementor-section-boxed elementor-section-height-default elementor-section-height-default elementor-section elementor-top-section\" data-id=\"55c459e\" data-element_type=\"section\">\n\t\t\t\t\t\t<div class=\"elementor-container elementor-column-gap-default\">\n\t\t\t\t<div class=\"elementor-row\">\n\t\t\t\t<div class=\"elementor-element elementor-element-0cd4da0 elementor-column elementor-col-100 elementor-top-column\" data-id=\"0cd4da0\" data-element_type=\"column\">\n\t\t\t<div class=\"elementor-column-wrap  elementor-element-populated\">\n\t\t\t\t\t<div class=\"elementor-widget-wrap\">\n\t\t\t\t<div class=\"elementor-element elementor-element-0a31c02 elementor-widget elementor-widget-heading\" data-id=\"0a31c02\" data-element_type=\"widget\" data-widget_type=\"heading.default\">\n\t\t\t\t<div class=\"elementor-widget-container\">\n\t\t\t<div class=\"elementor-heading-title elementor-size-default\">Retulansaaren Lomam\u00f6kkien varausehdot<\/div>\t\t<\/div>\n\t\t\t\t<\/div>\n\t\t\t\t<div class=\"elementor-element elementor-element-f3d897e elementor-widget elementor-widget-spacer\" data-id=\"f3d897e\" data-element_type=\"widget\" data-widget_type=\"spacer.default\">\n\t\t\t\t<div class=\"elementor-widget-container\">\n\t\t\t\t\t<div class=\"elementor-spacer\">\n\t\t\t<div class=\"elementor-spacer-inner\"><\/div>\n\t\t<\/div>\n\t\t\t\t<\/div>\n\t\t\t\t<\/div>\n\t\t\t\t<div class=\"elementor-element elementor-element-4171439 elementor-widget elementor-widget-spacer\" data-id=\"4171439\" data-element_type=\"widget\" data-widget_type=\"spacer.default\">\n\t\t\t\t<div class=\"elementor-widget-container\">\n\t\t\t\t\t<div class=\"elementor-spacer\">\n\t\t\t<div class=\"elementor-spacer-inner\"><\/div>\n\t\t<\/div>\n\t\t\t\t<\/div>\n\t\t\t\t<\/div>\n\t\t\t\t<div class=\"elementor-element elementor-element-f402a4c elementor-widget elementor-widget-spacer\" data-id=\"f402a4c\" data-element_type=\"widget\" data-widget_type=\"spacer.default\">\n\t\t\t\t<div class=\"elementor-widget-container\">\n\t\t\t\t\t<div class=\"elementor-spacer\">\n\t\t\t<div class=\"elementor-spacer-inner\"><\/div>\n\t\t<\/div>\n\t\t\t\t<\/div>\n\t\t\t\t<\/div>\n\t\t\t\t<div class=\"elementor-element elementor-element-2a99450 elementor-widget elementor-widget-text-editor\" data-id=\"2a99450\" data-element_type=\"widget\" data-widget_type=\"text-editor.default\">\n\t\t\t\t<div class=\"elementor-widget-container\">\n\t\t\t\t\t<div class=\"elementor-text-editor elementor-clearfix\"><p><strong>VARAAMINEN<\/strong><b> JA MAKSAMINEN<\/b><\/p><p>Varaajan tulee olla t\u00e4ysi-ik\u00e4inen. Varausta aletaan k\u00e4sitell\u00e4 kun varaaja on l\u00e4hett\u00e4nyt yhteystietonsa; nimi, puhelin, osoite, s\u00e4hk\u00f6postiosoite.<\/p><p>Ennakkomaksu sek\u00e4 lopullinen lasku l\u00e4het\u00e4t\u00e4\u00e4n s\u00e4hk\u00f6postilla asiakkaalle.<\/p><p>Varaus on vahvistettu, kun asiakas on maksanut ennakkomaksun (n. 25%) m\u00f6kkiloman vuokrahinnasta er\u00e4p\u00e4iv\u00e4\u00e4n menness\u00e4 tai on maksanut sek\u00e4 ennakkomaksun ett\u00e4 loppusuorituksen yhdell\u00e4 kertaa. Loppuosa vuokrasta maksetaan viisi (5) viikkoa ennen loman alkua, muutoin varaus raukeaa eik\u00e4 ennakkomaksua palauteta.<\/p><p>Mik\u00e4li varaus tehd\u00e4\u00e4n alle kaksi (2) viikkoa ennen loman alkamista vahvistetaan varaus maksamalla koko summa.<\/p><p><b>VARAUKSEN PERUUTTAMINEN<\/b><\/p><p>Peruutuksesta toivomme saavamme kirjallisen tiedon (kirje tai s\u00e4hk\u00f6posti) v\u00e4litt\u00f6m\u00e4sti esteen ilmaannuttua. Varauksen peruuttamisesta pid\u00e4tet\u00e4\u00e4n ennakkomaksu (n. 25%). Mik\u00e4li varauksen peruuttaminen tapahtuu my\u00f6hemmin kuin 14 vrk ennen loman alkua, veloitetaan koko vuokra.<\/p><p>Mik\u00e4li peruutuksen syyn\u00e4 on \u00e4killinen sairastuminen tms. (l\u00e4\u00e4k\u00e4rintodistus vaaditaan), vuokra palautetaan ennakkomaksua lukuun ottamatta.<\/p><p>Mik\u00e4li peruutus tapahtuu loman aikana, ei asiakkaan maksamaa vuokraa palauteta.<\/p><p><b>MEID\u00c4N PERUUTUS<\/b><\/p><p>Retulansaaren Lomam\u00f6keill\u00e4 on oikeus peruuttaa varaus force majeure -tilanteessa, jolloin asiakkaalle palautetaan vuokra kokonaisuudessaan.<\/p><p><b>OLESKELU LOMAKOHTEESSA<\/b><\/p><p>M\u00f6kin avaimet luovutetaan asiakkaalle h\u00e4nen etuk\u00e4teen ilmoittamanaan arvioituna saapumisajankohtana.<\/p><p>Viikkovuokraus sesongin aikana; m\u00f6kit ovat seuraavasti asiakkaan k\u00e4ytett\u00e4viss\u00e4:<\/p><p>Erpila ja Lepist\u00f6: lauantai klo 16 -lauantai klo 12.<\/p><p>Ronjala: lauantai klo 17 &#8211; lauantai klo 13.<\/p><p>Kipala: maanantai klo 12 &#8211; sunnuntai klo 19.<\/p><p>Viikonloppuvarauksissa m\u00f6kki on k\u00e4ytett\u00e4viss\u00e4 perjantai-iltap\u00e4iv\u00e4st\u00e4 klo 16 sunnuntai-iltaan klo 19 saakka ellei muuta sovita erikseen.<\/p><p>Sesongin ulkopuolella viikkovuokraus perjantai klo 16 &#8211; perjantai klo 12.<\/p><p><b>LIS\u00c4EHDOT:<\/b><\/p><p>Vuokraan sis\u00e4ltyy m\u00f6kki varusteineen (kalusteet, astiat, s\u00e4hk\u00f6, puut, soutuvene+ 2 pelastuslivit, kalastuslupa ja alv). Patjat, peitot ja tyynyt sis\u00e4ltyv\u00e4t m\u00f6kkivuokraan.<\/p><p>M\u00f6kit toimivat omavaraisperiaattella eli wc- ja talouspaperit eiv\u00e4t sis\u00e4lly hintaan.<\/p><p>Vuokraan eiv\u00e4t sis\u00e4lly liinavaatteet, pyyhkeet ja siivous. Liinavaatteet eri maksusta 13 \u20ac \/ hl\u00f6. Mik\u00e4li varauksen p\u00e4\u00e4tytty\u00e4 siivousta ei ole suoritettu, perimme siivouksesta 90\u20ac siivousmaksun. Siivouksen voi my\u00f6s tilata etuk\u00e4teen.<\/p><p>Erpila m\u00f6kill\u00e4 loppusiivous lis\u00e4t\u00e4\u00e4n laskuun automaattisesti yli 4 hengen varauksissa.<\/p><p>M\u00f6kki\u00e4 ei saa k\u00e4ytt\u00e4\u00e4 useampi henkil\u00f6 kuin on ilmoitettu m\u00f6kki\u00e4 varattaessa. Teltan tai asuntovaunun k\u00e4ytt\u00f6 lomakohteen tontilla ilman omistajan lupaa on kielletty. Keng\u00e4t j\u00e4tet\u00e4\u00e4n eteiseen, sis\u00e4tiloissa puulattiat. M\u00f6kin vuokraushinta on tarkoitettu perheille. Ylim\u00e4\u00e4r\u00e4isist\u00e4 henkil\u00f6ist\u00e4 perimme erillisen maksun. Alkaen 20 \u20ac\/hl\u00f6\/vrk.<\/p><p>Talvisin tiet aurataan pihaan saakka. Vuokraajat huolehtivat itse m\u00f6kin ymp\u00e4rist\u00f6n kolaamisesta. V\u00e4lineet l\u00f6ytyv\u00e4t m\u00f6keilt\u00e4.<\/p><p><strong>LEMMIKIT M\u00d6KEILL\u00c4:<\/strong><\/p><p>Karvaiset yst\u00e4v\u00e4nne ovat tervetulleita m\u00f6keist\u00e4mme Kipalaan ja Ronjalaan. Lemmikkimaksu on 10\u20ac\/per vieras.<\/p><p>Pid\u00e4 huoli, ettei lemmikkisi tee vahinkoa m\u00f6kkien sis\u00e4- ja ulkopuolella. Kaikkien asiakkaiden viihtyvyyden takaamiseksi lemmikit ei kiipeile s\u00e4ngyille tai sohville. \u00c4l\u00e4 my\u00f6sk\u00e4\u00e4n j\u00e4t\u00e4 lemmikki\u00e4 yksin m\u00f6kille, tuntematon paikka ja ero l\u00e4heisist\u00e4 voi aiheuttaa lemmikillesi ei toivottua toimintaa m\u00f6kill\u00e4.<\/p><p>Varmista, ett\u00e4 m\u00f6kin piha-alue j\u00e4\u00e4 siistiksi ja ker\u00e4\u00e4 lemmikkisi kakat heti pois.<\/p><p><b>PERUSSIIVOUKSEEN KUULUU:<\/b><\/p><p>Lattiapintojen imurointi ja moppaus kostealla liinalla, my\u00f6s parvelta jos m\u00f6kiss\u00e4 on sellainen.<\/p><p>WC:n, puuceen, suihkutilojen ja pukuhuoneen huolellinen siivous ( altaat, peilit, suihkukaappi, lattia) sek\u00e4 tuuletus.<\/p><p>Keitti\u00f6n pintojen ja j\u00e4\u00e4kaapin puhdistus, astioidenpesu sek\u00e4 astianpesukoneen tyhjennys.<\/p><p>Mattojen, vilttien ym. p\u00f6lyyntyvien tekstiilien &#8220;ravistelu&#8221; ulkona.<\/p><p>* Saunan pesusta ei tarvitse huolehtia, ainoastaan jos vihtaa on k\u00e4ytetty niin kuivuneet lehdet on ker\u00e4tt\u00e4v\u00e4 pois. * Tuhkapes\u00e4t tyhjennet\u00e4\u00e4n erillisiin tuhka-astioihin.<\/p><p>Vaikka loppusiivous olisi tilattu, edellytet\u00e4\u00e4n m\u00f6kin kunnon olevan normaalin asumisen j\u00e4ljilt\u00e4:<\/p><ul><li>Tavarat ja huonekalut omilla paikoillaan<\/li><li>Tiskit tiskattu ja astianpesukone tyhjennetty<\/li><li>Roskat vietyn\u00e4 ker\u00e4yspisteeseen.<\/li><\/ul><p><b>VAHINKOJEN KORVAUKSET<\/b><\/p><p>Asiakas on velvollinen ilmoittamaan ja korvaamaan lomakohteelle tai sen irtaimistolle aiheuttamansa vahingon.<\/p><p>Lemmikkiel\u00e4inten aiheuttamista vahingoista vastaa vuokralainen ja ne veloitetaan j\u00e4lkik\u00e4teen.<\/p><p>Vuokranantaja ei vastaa luonnonilmi\u00f6ist\u00e4 (esim. j\u00e4rven lev\u00e4esiintym\u00e4t) tai el\u00e4imist\u00e4 johtuneista vahingoista.:<\/p><\/div>\n\t\t\t\t<\/div>\n\t\t\t\t<\/div>\n\t\t\t\t<div class=\"elementor-element elementor-element-842604b elementor-widget elementor-widget-spacer\" data-id=\"842604b\" data-element_type=\"widget\" data-widget_type=\"spacer.default\">\n\t\t\t\t<div class=\"elementor-widget-container\">\n\t\t\t\t\t<div class=\"elementor-spacer\">\n\t\t\t<div class=\"elementor-spacer-inner\"><\/div>\n\t\t<\/div>\n\t\t\t\t<\/div>\n\t\t\t\t<\/div>\n\t\t\t\t<div class=\"elementor-element elementor-element-955abc4 elementor-widget elementor-widget-spacer\" data-id=\"955abc4\" data-element_type=\"widget\" data-widget_type=\"spacer.default\">\n\t\t\t\t<div class=\"elementor-widget-container\">\n\t\t\t\t\t<div class=\"elementor-spacer\">\n\t\t\t<div class=\"elementor-spacer-inner\"><\/div>\n\t\t<\/div>\n\t\t\t\t<\/div>\n\t\t\t\t<\/div>\n\t\t\t\t\t\t<\/div>\n\t\t\t<\/div>\n\t\t<\/div>\n\t\t\t\t\t\t<\/div>\n\t\t\t<\/div>\n\t\t<\/section>\n\t\t\t\t\t\t<\/div>\n\t\t\t<\/div>\n\t\t<\/div>\n\t\t","protected":false},"excerpt":{"rendered":"<p>Retulansaaren Lomam\u00f6kkien varausehdot VARAAMINEN JA MAKSAMINEN Varaajan tulee olla t\u00e4ysi-ik\u00e4inen. Varausta aletaan k\u00e4sitell\u00e4 kun varaaja on l\u00e4hett\u00e4nyt yhteystietonsa; nimi, puhelin, osoite, s\u00e4hk\u00f6postiosoite. Ennakkomaksu sek\u00e4 lopullinen lasku l\u00e4het\u00e4t\u00e4\u00e4n s\u00e4hk\u00f6postilla asiakkaalle. Varaus on vahvistettu, kun asiakas on maksanut ennakkomaksun (n. 25%) m\u00f6kkiloman vuokrahinnasta er\u00e4p\u00e4iv\u00e4\u00e4n menness\u00e4 tai on maksanut sek\u00e4 ennakkomaksun ett\u00e4 loppusuorituksen yhdell\u00e4 kertaa. Loppuosa vuokrasta maksetaan [&hellip;]<\/p>\n","protected":false},"author":7,"featured_media":0,"parent":0,"menu_order":0,"comment_status":"closed","ping_status":"closed","template":"page-templates\/fullwidth-content.php","meta":{"footnotes":""},"_links":{"self":[{"href":"https:\/\/retulansaari.fi\/index.php?rest_route=\/wp\/v2\/pages\/23"}],"collection":[{"href":"https:\/\/retulansaari.fi\/index.php?rest_route=\/wp\/v2\/pages"}],"about":[{"href":"https:\/\/retulansaari.fi\/index.php?rest_route=\/wp\/v2\/types\/page"}],"author":[{"embeddable":true,"href":"https:\/\/retulansaari.fi\/index.php?rest_route=\/wp\/v2\/users\/7"}],"replies":[{"embeddable":true,"href":"https:\/\/retulansaari.fi\/index.php?rest_route=%2Fwp%2Fv2%2Fcomments&post=23"}],"version-history":[{"count":11,"href":"https:\/\/retulansaari.fi\/index.php?rest_route=\/wp\/v2\/pages\/23\/revisions"}],"predecessor-version":[{"id":1710,"href":"https:\/\/retulansaari.fi\/index.php?rest_route=\/wp\/v2\/pages\/23\/revisions\/1710"}],"wp:attachment":[{"href":"https:\/\/retulansaari.fi\/index.php?rest_route=%2Fwp%2Fv2%2Fmedia&parent=23"}],"curies":[{"name":"wp","href":"https:\/\/api.w.org\/{rel}","templated":true}]}}