{"id":31,"date":"2018-07-03T12:00:51","date_gmt":"2018-07-03T12:00:51","guid":{"rendered":"https:\/\/ld-wp73.template-help.com\/wordpress\/prod_19731\/v2\/?page_id=31"},"modified":"2024-03-09T08:59:35","modified_gmt":"2024-03-09T08:59:35","slug":"yhteystiedot","status":"publish","type":"page","link":"https:\/\/retulansaari.fi\/?page_id=31","title":{"rendered":"Yhteystiedot"},"content":{"rendered":"\t\t<div data-elementor-type=\"wp-post\" data-elementor-id=\"31\" class=\"elementor elementor-31\" data-elementor-settings=\"[]\">\n\t\t\t<div class=\"elementor-inner\">\n\t\t\t\t<div class=\"elementor-section-wrap\">\n\t\t\t\t\t\t\t<section class=\"elementor-element elementor-element-d8ddab5 elementor-section-full_width elementor-section-height-default elementor-section-height-default elementor-section elementor-top-section\" data-id=\"d8ddab5\" data-element_type=\"section\">\n\t\t\t\t\t\t<div class=\"elementor-container elementor-column-gap-no\">\n\t\t\t\t<div class=\"elementor-row\">\n\t\t\t\t<div class=\"elementor-element elementor-element-49967ba elementor-column elementor-col-100 elementor-top-column\" data-id=\"49967ba\" data-element_type=\"column\">\n\t\t\t<div class=\"elementor-column-wrap  elementor-element-populated\">\n\t\t\t\t\t<div class=\"elementor-widget-wrap\">\n\t\t\t\t<div class=\"elementor-element elementor-element-f83e458 elementor-widget elementor-widget-google_maps\" data-id=\"f83e458\" data-element_type=\"widget\" data-widget_type=\"google_maps.default\">\n\t\t\t\t<div class=\"elementor-widget-container\">\n\t\t\t<div class=\"elementor-custom-embed\"><iframe frameborder=\"0\" scrolling=\"no\" marginheight=\"0\" marginwidth=\"0\" src=\"https:\/\/maps.google.com\/maps?q=Retulansaarentie%20223%2C%2013880%20HATTULA&amp;t=m&amp;z=13&amp;output=embed&amp;iwloc=near\" aria-label=\"Retulansaarentie 223, 13880 HATTULA\"><\/iframe><\/div>\t\t<\/div>\n\t\t\t\t<\/div>\n\t\t\t\t\t\t<\/div>\n\t\t\t<\/div>\n\t\t<\/div>\n\t\t\t\t\t\t<\/div>\n\t\t\t<\/div>\n\t\t<\/section>\n\t\t\t\t<section class=\"elementor-element elementor-element-1f4f elementor-section-full_width elementor-section-height-default elementor-section-height-default elementor-section elementor-top-section\" data-id=\"1f4f\" data-element_type=\"section\" data-settings=\"{&quot;background_background&quot;:&quot;classic&quot;}\">\n\t\t\t\t\t\t<div class=\"elementor-container elementor-column-gap-default\">\n\t\t\t\t<div class=\"elementor-row\">\n\t\t\t\t<div class=\"elementor-element elementor-element-5ae elementor-column elementor-col-100 elementor-top-column\" data-id=\"5ae\" data-element_type=\"column\">\n\t\t\t<div class=\"elementor-column-wrap  elementor-element-populated\">\n\t\t\t\t\t<div class=\"elementor-widget-wrap\">\n\t\t\t\t<section class=\"elementor-element elementor-element-e39e1e4 elementor-section-boxed elementor-section-height-default elementor-section-height-default elementor-section elementor-inner-section\" data-id=\"e39e1e4\" data-element_type=\"section\" data-settings=\"{&quot;background_background&quot;:&quot;classic&quot;}\">\n\t\t\t\t\t\t<div class=\"elementor-container elementor-column-gap-default\">\n\t\t\t\t<div class=\"elementor-row\">\n\t\t\t\t<div class=\"elementor-element elementor-element-4662fe2 elementor-column elementor-col-100 elementor-inner-column\" data-id=\"4662fe2\" data-element_type=\"column\">\n\t\t\t<div class=\"elementor-column-wrap  elementor-element-populated\">\n\t\t\t\t\t<div class=\"elementor-widget-wrap\">\n\t\t\t\t<div class=\"elementor-element elementor-element-0edf26c elementor-widget elementor-widget-heading\" data-id=\"0edf26c\" data-element_type=\"widget\" data-widget_type=\"heading.default\">\n\t\t\t\t<div class=\"elementor-widget-container\">\n\t\t\t<div class=\"elementor-heading-title elementor-size-default\">ota yhteytt\u00e4<\/div>\t\t<\/div>\n\t\t\t\t<\/div>\n\t\t\t\t\t\t<\/div>\n\t\t\t<\/div>\n\t\t<\/div>\n\t\t\t\t\t\t<\/div>\n\t\t\t<\/div>\n\t\t<\/section>\n\t\t\t\t<section class=\"elementor-element elementor-element-1e29 elementor-hidden-phone elementor-section-boxed elementor-section-height-default elementor-section-height-default elementor-section elementor-inner-section\" data-id=\"1e29\" data-element_type=\"section\" data-settings=\"{&quot;background_background&quot;:&quot;gradient&quot;}\">\n\t\t\t\t\t\t<div class=\"elementor-container elementor-column-gap-default\">\n\t\t\t\t<div class=\"elementor-row\">\n\t\t\t\t<div class=\"elementor-element elementor-element-6f3 elementor-column elementor-col-50 elementor-inner-column\" data-id=\"6f3\" data-element_type=\"column\">\n\t\t\t<div class=\"elementor-column-wrap  elementor-element-populated\">\n\t\t\t\t\t<div class=\"elementor-widget-wrap\">\n\t\t\t\t<div class=\"elementor-element elementor-element-2a7bb43 elementor-widget elementor-widget-spacer\" data-id=\"2a7bb43\" data-element_type=\"widget\" data-widget_type=\"spacer.default\">\n\t\t\t\t<div class=\"elementor-widget-container\">\n\t\t\t\t\t<div class=\"elementor-spacer\">\n\t\t\t<div class=\"elementor-spacer-inner\"><\/div>\n\t\t<\/div>\n\t\t\t\t<\/div>\n\t\t\t\t<\/div>\n\t\t\t\t<div class=\"elementor-element elementor-element-7562 elementor-widget elementor-widget-text-editor\" data-id=\"7562\" data-element_type=\"widget\" data-widget_type=\"text-editor.default\">\n\t\t\t\t<div class=\"elementor-widget-container\">\n\t\t\t\t\t<div class=\"elementor-text-editor elementor-clearfix\"><p><strong>Yhteystiedot<\/strong><\/p><p><strong>Tarja Laurila<br \/>+358 44 5713673<br \/>myynti@retulansaari.fi<\/strong><\/p><p><strong>Pirjo Laurila<br \/>050 573 5814<br \/>myynti@retulansaari.fi<\/strong><\/p><p><strong>Markkinointi<br \/>Marko Laurila<br \/>+358 50 3251848<br \/>marko@retulansaari.fi<\/strong><\/p><\/div>\n\t\t\t\t<\/div>\n\t\t\t\t<\/div>\n\t\t\t\t<div class=\"elementor-element elementor-element-1b37705 elementor-widget elementor-widget-text-editor\" data-id=\"1b37705\" data-element_type=\"widget\" data-widget_type=\"text-editor.default\">\n\t\t\t\t<div class=\"elementor-widget-container\">\n\t\t\t\t\t<div class=\"elementor-text-editor elementor-clearfix\"><\/div>\n\t\t\t\t<\/div>\n\t\t\t\t<\/div>\n\t\t\t\t\t\t<\/div>\n\t\t\t<\/div>\n\t\t<\/div>\n\t\t\t\t<div class=\"elementor-element elementor-element-2fb0 elementor-column elementor-col-50 elementor-inner-column\" data-id=\"2fb0\" data-element_type=\"column\">\n\t\t\t<div class=\"elementor-column-wrap  elementor-element-populated\">\n\t\t\t\t\t<div class=\"elementor-widget-wrap\">\n\t\t\t\t\t\t<\/div>\n\t\t\t<\/div>\n\t\t<\/div>\n\t\t\t\t\t\t<\/div>\n\t\t\t<\/div>\n\t\t<\/section>\n\t\t\t\t<section class=\"elementor-element elementor-element-7e237b6 elementor-hidden-desktop elementor-hidden-tablet elementor-section-boxed elementor-section-height-default elementor-section-height-default elementor-section elementor-inner-section\" data-id=\"7e237b6\" data-element_type=\"section\" data-settings=\"{&quot;background_background&quot;:&quot;gradient&quot;}\">\n\t\t\t\t\t\t<div class=\"elementor-container elementor-column-gap-default\">\n\t\t\t\t<div class=\"elementor-row\">\n\t\t\t\t<div class=\"elementor-element elementor-element-f0026de elementor-column elementor-col-50 elementor-inner-column\" data-id=\"f0026de\" data-element_type=\"column\">\n\t\t\t<div class=\"elementor-column-wrap  elementor-element-populated\">\n\t\t\t\t\t<div class=\"elementor-widget-wrap\">\n\t\t\t\t<div class=\"elementor-element elementor-element-197a712 elementor-hidden-phone elementor-widget elementor-widget-spacer\" data-id=\"197a712\" data-element_type=\"widget\" data-widget_type=\"spacer.default\">\n\t\t\t\t<div class=\"elementor-widget-container\">\n\t\t\t\t\t<div class=\"elementor-spacer\">\n\t\t\t<div class=\"elementor-spacer-inner\"><\/div>\n\t\t<\/div>\n\t\t\t\t<\/div>\n\t\t\t\t<\/div>\n\t\t\t\t<div class=\"elementor-element elementor-element-a5155b1 elementor-widget elementor-widget-text-editor\" data-id=\"a5155b1\" data-element_type=\"widget\" data-widget_type=\"text-editor.default\">\n\t\t\t\t<div class=\"elementor-widget-container\">\n\t\t\t\t\t<div class=\"elementor-text-editor elementor-clearfix\"><p><strong>Yhteystiedot<\/strong><\/p><p><strong>Tarja Laurila<\/strong><br \/><strong>+358 44 5713673<\/strong><br \/><strong>myynti@retulansaari.fi<\/strong><\/p><p><strong>Pirjo Laurila<br \/>050 573 5814<br \/>myynti@retulansaari.fi<\/strong><\/p><p><strong>Markkinointi<\/strong><\/p><p><strong>MarkoLaurila<br \/>+358 50 3251848<br \/>marko@retulansaari.fi<\/strong><\/p><\/div>\n\t\t\t\t<\/div>\n\t\t\t\t<\/div>\n\t\t\t\t\t\t<\/div>\n\t\t\t<\/div>\n\t\t<\/div>\n\t\t\t\t<div class=\"elementor-element elementor-element-f80a033 elementor-column elementor-col-50 elementor-inner-column\" data-id=\"f80a033\" data-element_type=\"column\">\n\t\t\t<div class=\"elementor-column-wrap  elementor-element-populated\">\n\t\t\t\t\t<div class=\"elementor-widget-wrap\">\n\t\t\t\t<div class=\"elementor-element elementor-element-4d3db22 elementor-widget elementor-widget-spacer\" data-id=\"4d3db22\" data-element_type=\"widget\" data-widget_type=\"spacer.default\">\n\t\t\t\t<div class=\"elementor-widget-container\">\n\t\t\t\t\t<div class=\"elementor-spacer\">\n\t\t\t<div class=\"elementor-spacer-inner\"><\/div>\n\t\t<\/div>\n\t\t\t\t<\/div>\n\t\t\t\t<\/div>\n\t\t\t\t\t\t<\/div>\n\t\t\t<\/div>\n\t\t<\/div>\n\t\t\t\t\t\t<\/div>\n\t\t\t<\/div>\n\t\t<\/section>\n\t\t\t\t\t\t<\/div>\n\t\t\t<\/div>\n\t\t<\/div>\n\t\t\t\t\t\t<\/div>\n\t\t\t<\/div>\n\t\t<\/section>\n\t\t\t\t<section class=\"elementor-element elementor-element-11d6 elementor-section-boxed elementor-section-height-default elementor-section-height-default elementor-section elementor-top-section\" data-id=\"11d6\" data-element_type=\"section\">\n\t\t\t\t\t\t<div class=\"elementor-container elementor-column-gap-default\">\n\t\t\t\t<div class=\"elementor-row\">\n\t\t\t\t<div class=\"elementor-element elementor-element-21f1 elementor-column elementor-col-100 elementor-top-column\" data-id=\"21f1\" data-element_type=\"column\">\n\t\t\t<div class=\"elementor-column-wrap  elementor-element-populated\">\n\t\t\t\t\t<div class=\"elementor-widget-wrap\">\n\t\t\t\t<div class=\"elementor-element elementor-element-2680 elementor-widget elementor-widget-heading\" data-id=\"2680\" data-element_type=\"widget\" data-widget_type=\"heading.default\">\n\t\t\t\t<div class=\"elementor-widget-container\">\n\t\t\t<div class=\"elementor-heading-title elementor-size-default\">Ajo-ohjeet<\/div>\t\t<\/div>\n\t\t\t\t<\/div>\n\t\t\t\t<div class=\"elementor-element elementor-element-14b9 elementor-widget elementor-widget-spacer\" data-id=\"14b9\" data-element_type=\"widget\" data-widget_type=\"spacer.default\">\n\t\t\t\t<div class=\"elementor-widget-container\">\n\t\t\t\t\t<div class=\"elementor-spacer\">\n\t\t\t<div class=\"elementor-spacer-inner\"><\/div>\n\t\t<\/div>\n\t\t\t\t<\/div>\n\t\t\t\t<\/div>\n\t\t\t\t<section class=\"elementor-element elementor-element-4598 elementor-section-boxed elementor-section-height-default elementor-section-height-default elementor-section elementor-inner-section\" data-id=\"4598\" data-element_type=\"section\">\n\t\t\t\t\t\t<div class=\"elementor-container elementor-column-gap-default\">\n\t\t\t\t<div class=\"elementor-row\">\n\t\t\t\t<div class=\"elementor-element elementor-element-605f elementor-column elementor-col-100 elementor-inner-column\" data-id=\"605f\" data-element_type=\"column\">\n\t\t\t<div class=\"elementor-column-wrap  elementor-element-populated\">\n\t\t\t\t\t<div class=\"elementor-widget-wrap\">\n\t\t\t\t<div class=\"elementor-element elementor-element-60fe elementor-widget elementor-widget-text-editor\" data-id=\"60fe\" data-element_type=\"widget\" data-widget_type=\"text-editor.default\">\n\t\t\t\t<div class=\"elementor-widget-container\">\n\t\t\t\t\t<div class=\"elementor-text-editor elementor-clearfix\"><p>N\u00e4in l\u00f6yd\u00e4t Retulansaareen helposti:<\/p><ul><li>Helsinki-Tampere E3 moottoritielt\u00e4 poistu Tiiri\u00f6n rampista kohti Hattulaa.<\/li><li>Aja valtatielle 57 kohti Tampere\/Hattula.<\/li><li>K\u00e4\u00e4nny n. 23 kilometrin j\u00e4lkeen vasemmalle Valkeakoski Retulantielle. Tiennumero 3073. (Oikealle k\u00e4\u00e4ntyy Hauho.)<\/li><li>Aja n. 3,5 km ja k\u00e4\u00e4nny vasemmalle Retulansaarentie.<\/li><li>Aja sillan yli ja pys\u00e4hdy Retulansaarentie 223. N\u00e4in olet jo perill\u00e4.<p>Jos k\u00e4yt\u00e4t navigaattoria; kunta Hattula\/postinumero 13800.<\/p><\/li><li><p>N\u00e4in l\u00f6yd\u00e4t Lepist\u00f6\u00f6n helposti:<\/p><ul><li>Helsinki-Tampere E3 moottoritielt\u00e4 poistu Tiiri\u00f6n rampista kohti Hattula.<\/li><li>Aja valtatielle 57 kohti Tampere.<\/li><li>K\u00e4\u00e4nny n. 23 kilometrin j\u00e4lkeen vasemmalle Valkeakoski Retulantielle. Tiennumero 3073. (Oikealle k\u00e4\u00e4ntyy Hauho.)<\/li><li>Valkeakosken tiet\u00e4 5km<\/li><li>K\u00e4\u00e4nny vasemmalle Lielahdentielle<br \/>aja n. 20m ja sitten oletkin jo Lepist\u00f6n pihatien p\u00e4\u00e4ss\u00e4.<\/li><\/ul><\/li><\/ul><\/div>\n\t\t\t\t<\/div>\n\t\t\t\t<\/div>\n\t\t\t\t\t\t<\/div>\n\t\t\t<\/div>\n\t\t<\/div>\n\t\t\t\t\t\t<\/div>\n\t\t\t<\/div>\n\t\t<\/section>\n\t\t\t\t\t\t<\/div>\n\t\t\t<\/div>\n\t\t<\/div>\n\t\t\t\t\t\t<\/div>\n\t\t\t<\/div>\n\t\t<\/section>\n\t\t\t\t\t\t<\/div>\n\t\t\t<\/div>\n\t\t<\/div>\n\t\t","protected":false},"excerpt":{"rendered":"<p>ota yhteytt\u00e4 Yhteystiedot Tarja Laurila+358 44 5713673myynti@retulansaari.fi Pirjo Laurila050 573 5814myynti@retulansaari.fi MarkkinointiMarko Laurila+358 50 3251848marko@retulansaari.fi Yhteystiedot Tarja Laurila+358 44 5713673myynti@retulansaari.fi Pirjo Laurila050 573 5814myynti@retulansaari.fi Markkinointi MarkoLaurila+358 50 3251848marko@retulansaari.fi Ajo-ohjeet N\u00e4in l\u00f6yd\u00e4t Retulansaareen helposti: Helsinki-Tampere E3 moottoritielt\u00e4 poistu Tiiri\u00f6n rampista kohti Hattulaa. Aja valtatielle 57 kohti Tampere\/Hattula. K\u00e4\u00e4nny n. 23 kilometrin j\u00e4lkeen vasemmalle Valkeakoski Retulantielle. Tiennumero [&hellip;]<\/p>\n","protected":false},"author":7,"featured_media":0,"parent":0,"menu_order":0,"comment_status":"closed","ping_status":"closed","template":"page-templates\/fullwidth-content.php","meta":{"footnotes":""},"_links":{"self":[{"href":"https:\/\/retulansaari.fi\/index.php?rest_route=\/wp\/v2\/pages\/31"}],"collection":[{"href":"https:\/\/retulansaari.fi\/index.php?rest_route=\/wp\/v2\/pages"}],"about":[{"href":"https:\/\/retulansaari.fi\/index.php?rest_route=\/wp\/v2\/types\/page"}],"author":[{"embeddable":true,"href":"https:\/\/retulansaari.fi\/index.php?rest_route=\/wp\/v2\/users\/7"}],"replies":[{"embeddable":true,"href":"https:\/\/retulansaari.fi\/index.php?rest_route=%2Fwp%2Fv2%2Fcomments&post=31"}],"version-history":[{"count":21,"href":"https:\/\/retulansaari.fi\/index.php?rest_route=\/wp\/v2\/pages\/31\/revisions"}],"predecessor-version":[{"id":1707,"href":"https:\/\/retulansaari.fi\/index.php?rest_route=\/wp\/v2\/pages\/31\/revisions\/1707"}],"wp:attachment":[{"href":"https:\/\/retulansaari.fi\/index.php?rest_route=%2Fwp%2Fv2%2Fmedia&parent=31"}],"curies":[{"name":"wp","href":"https:\/\/api.w.org\/{rel}","templated":true}]}}