{"id":382,"date":"2018-07-12T16:38:55","date_gmt":"2018-07-12T16:38:55","guid":{"rendered":"https:\/\/ld-wp73.template-help.com\/wordpress\/prod_19731\/v2\/?page_id=382"},"modified":"2024-02-22T06:31:11","modified_gmt":"2024-02-22T06:31:11","slug":"lepisto","status":"publish","type":"page","link":"https:\/\/retulansaari.fi\/?page_id=382","title":{"rendered":"Lepist\u00f6"},"content":{"rendered":"\t\t<div data-elementor-type=\"wp-post\" data-elementor-id=\"382\" class=\"elementor elementor-382\" data-elementor-settings=\"[]\">\n\t\t\t<div class=\"elementor-inner\">\n\t\t\t\t<div class=\"elementor-section-wrap\">\n\t\t\t\t\t\t\t<section class=\"elementor-element elementor-element-a4d997b elementor-section-boxed elementor-section-height-default elementor-section-height-default elementor-section elementor-top-section\" data-id=\"a4d997b\" data-element_type=\"section\">\n\t\t\t\t\t\t<div class=\"elementor-container elementor-column-gap-default\">\n\t\t\t\t<div class=\"elementor-row\">\n\t\t\t\t\t\t<\/div>\n\t\t\t<\/div>\n\t\t<\/section>\n\t\t\t\t<section class=\"elementor-element elementor-element-266fca4 elementor-section-boxed elementor-section-height-default elementor-section-height-default elementor-section elementor-top-section\" data-id=\"266fca4\" data-element_type=\"section\">\n\t\t\t\t\t\t<div class=\"elementor-container elementor-column-gap-default\">\n\t\t\t\t<div class=\"elementor-row\">\n\t\t\t\t<div class=\"elementor-element elementor-element-05cf49b elementor-column elementor-col-100 elementor-top-column\" data-id=\"05cf49b\" data-element_type=\"column\">\n\t\t\t<div class=\"elementor-column-wrap  elementor-element-populated\">\n\t\t\t\t\t<div class=\"elementor-widget-wrap\">\n\t\t\t\t<div class=\"elementor-element elementor-element-7553 elementor-widget elementor-widget-heading\" data-id=\"7553\" data-element_type=\"widget\" data-widget_type=\"heading.default\">\n\t\t\t\t<div class=\"elementor-widget-container\">\n\t\t\t<div class=\"elementor-heading-title elementor-size-default\">Lepist\u00f6<\/div>\t\t<\/div>\n\t\t\t\t<\/div>\n\t\t\t\t<div class=\"elementor-element elementor-element-c4c5520 elementor-widget elementor-widget-spacer\" data-id=\"c4c5520\" data-element_type=\"widget\" data-widget_type=\"spacer.default\">\n\t\t\t\t<div class=\"elementor-widget-container\">\n\t\t\t\t\t<div class=\"elementor-spacer\">\n\t\t\t<div class=\"elementor-spacer-inner\"><\/div>\n\t\t<\/div>\n\t\t\t\t<\/div>\n\t\t\t\t<\/div>\n\t\t\t\t<div class=\"elementor-element elementor-element-1b77985 elementor-widget elementor-widget-image\" data-id=\"1b77985\" data-element_type=\"widget\" data-widget_type=\"image.default\">\n\t\t\t\t<div class=\"elementor-widget-container\">\n\t\t\t\t\t<div class=\"elementor-image\">\n\t\t\t\t\t\t\t\t\t\t<img loading=\"lazy\" decoding=\"async\" width=\"2048\" height=\"1536\" src=\"https:\/\/retulansaari.fi\/wp-content\/uploads\/2024\/02\/P9040045.jpg\" class=\"attachment-full size-full\" alt=\"\" srcset=\"https:\/\/retulansaari.fi\/wp-content\/uploads\/2024\/02\/P9040045.jpg 2048w, https:\/\/retulansaari.fi\/wp-content\/uploads\/2024\/02\/P9040045-300x225.jpg 300w, https:\/\/retulansaari.fi\/wp-content\/uploads\/2024\/02\/P9040045-1024x768.jpg 1024w, https:\/\/retulansaari.fi\/wp-content\/uploads\/2024\/02\/P9040045-768x576.jpg 768w, https:\/\/retulansaari.fi\/wp-content\/uploads\/2024\/02\/P9040045-1536x1152.jpg 1536w, https:\/\/retulansaari.fi\/wp-content\/uploads\/2024\/02\/P9040045-600x450.jpg 600w\" sizes=\"(max-width: 2048px) 100vw, 2048px\" \/>\t\t\t\t\t\t\t\t\t\t\t<\/div>\n\t\t\t\t<\/div>\n\t\t\t\t<\/div>\n\t\t\t\t<div class=\"elementor-element elementor-element-8e15c02 elementor-widget elementor-widget-spacer\" data-id=\"8e15c02\" data-element_type=\"widget\" data-widget_type=\"spacer.default\">\n\t\t\t\t<div class=\"elementor-widget-container\">\n\t\t\t\t\t<div class=\"elementor-spacer\">\n\t\t\t<div class=\"elementor-spacer-inner\"><\/div>\n\t\t<\/div>\n\t\t\t\t<\/div>\n\t\t\t\t<\/div>\n\t\t\t\t<div class=\"elementor-element elementor-element-2432fdc elementor-widget elementor-widget-text-editor\" data-id=\"2432fdc\" data-element_type=\"widget\" data-widget_type=\"text-editor.default\">\n\t\t\t\t<div class=\"elementor-widget-container\">\n\t\t\t\t\t<div class=\"elementor-text-editor elementor-clearfix\"><p>M\u00f6kki on kunnostettu 2004 nykyajan el\u00e4m\u00e4\u00e4n sopivaksi<\/p><\/div>\n\t\t\t\t<\/div>\n\t\t\t\t<\/div>\n\t\t\t\t<div class=\"elementor-element elementor-element-38b2e8b elementor-widget elementor-widget-spacer\" data-id=\"38b2e8b\" data-element_type=\"widget\" data-widget_type=\"spacer.default\">\n\t\t\t\t<div class=\"elementor-widget-container\">\n\t\t\t\t\t<div class=\"elementor-spacer\">\n\t\t\t<div class=\"elementor-spacer-inner\"><\/div>\n\t\t<\/div>\n\t\t\t\t<\/div>\n\t\t\t\t<\/div>\n\t\t\t\t<div class=\"elementor-element elementor-element-48a49c0 elementor-widget elementor-widget-text-editor\" data-id=\"48a49c0\" data-element_type=\"widget\" data-widget_type=\"text-editor.default\">\n\t\t\t\t<div class=\"elementor-widget-container\">\n\t\t\t\t\t<div class=\"elementor-text-editor elementor-clearfix\"><p>Vanha kalastajanm\u00f6kki rakennuksineen ja puutarhoineen on osa tyrv\u00e4nt\u00f6l\u00e4ist\u00e4 maaseutumaisemaa. M\u00f6kki on kunnostettu 2004 nykyajan el\u00e4m\u00e4\u00e4n sopivaksi, vanhaa kunnioittavaksi kokonaisuudeksi. Osassa huonekaluista on paikallisten puuseppien k\u00e4denj\u00e4lki n\u00e4kyviss\u00e4. Pihapiiriss\u00e4 kasvavat vanhat ruusut, hedelm\u00e4puut ja marjapensaat. Pieni kivinavetta seisoo edelleen jykev\u00e4sti paikoillaan.<br \/><br \/>Pihasaunalle menev\u00e4 polku on ahkerassa k\u00e4yt\u00f6ss\u00e4. Aittarakennuksen k\u00e4tk\u00f6ist\u00e4 l\u00f6ytyv\u00e4t niin polttopuut, grillihuone kuin nukkuma-aittakin.<\/p><\/div>\n\t\t\t\t<\/div>\n\t\t\t\t<\/div>\n\t\t\t\t<div class=\"elementor-element elementor-element-ae7b901 elementor-widget elementor-widget-spacer\" data-id=\"ae7b901\" data-element_type=\"widget\" data-widget_type=\"spacer.default\">\n\t\t\t\t<div class=\"elementor-widget-container\">\n\t\t\t\t\t<div class=\"elementor-spacer\">\n\t\t\t<div class=\"elementor-spacer-inner\"><\/div>\n\t\t<\/div>\n\t\t\t\t<\/div>\n\t\t\t\t<\/div>\n\t\t\t\t<div class=\"elementor-element elementor-element-3eccbeb elementor-widget elementor-widget-text-editor\" data-id=\"3eccbeb\" data-element_type=\"widget\" data-widget_type=\"text-editor.default\">\n\t\t\t\t<div class=\"elementor-widget-container\">\n\t\t\t\t\t<div class=\"elementor-text-editor elementor-clearfix\"><p><strong>Mummon m\u00f6kki punainen on kuin syli l\u00e4mp\u00f6inen<\/strong><\/p><\/div>\n\t\t\t\t<\/div>\n\t\t\t\t<\/div>\n\t\t\t\t<div class=\"elementor-element elementor-element-c56f182 elementor-widget elementor-widget-spacer\" data-id=\"c56f182\" data-element_type=\"widget\" data-widget_type=\"spacer.default\">\n\t\t\t\t<div class=\"elementor-widget-container\">\n\t\t\t\t\t<div class=\"elementor-spacer\">\n\t\t\t<div class=\"elementor-spacer-inner\"><\/div>\n\t\t<\/div>\n\t\t\t\t<\/div>\n\t\t\t\t<\/div>\n\t\t\t\t<div class=\"elementor-element elementor-element-8813158 elementor-widget elementor-widget-text-editor\" data-id=\"8813158\" data-element_type=\"widget\" data-widget_type=\"text-editor.default\">\n\t\t\t\t<div class=\"elementor-widget-container\">\n\t\t\t\t\t<div class=\"elementor-text-editor elementor-clearfix\"><ul><li><ul><li>Kamari, tupakeitti\u00f6, v\u00e4lieteinen, wc, s\u00e4hk\u00f6sauna, pesutilat ja veranta<\/li><li>Asuinpinta- alaa on kaikkiaan 65m2<\/li><li>Nykyajan mukavuudet: s\u00e4hk\u00f6- ja puul\u00e4mmitys, lattial\u00e4mmitys pesutilassa, wc:ss\u00e4 ja verannalla, s\u00e4hk\u00f6hella, astianpesukone, jenkkikaappi, puuliesi, mikro, kahvinkeitin, vedenkeitin, leiv\u00e4npaahdin, TV, video, radio \/ CD, p\u00f6lynimuri, pyykinpesukone, kuivausrumpu, hiustenkuivaaja, silitysv\u00e4lineet<\/li><li>Kamarissa on paris\u00e4nky, tupakeitti\u00f6ss\u00e4 vuodesohva, v\u00e4lieteisest\u00e4 l\u00f6ytyy lis\u00e4ksi levitett\u00e4v\u00e4 varavuode<\/li><li>Soveltuu parhaiten 4 &#8211; 5 hengelle<\/li><\/ul><p><strong>Lis\u00e4ksi<\/strong><\/p><ul><li>Soutuvene on Vanajavedell\u00e4 kyl\u00e4n yhteisess\u00e4 rannassa n. 600m p\u00e4\u00e4ss\u00e4. Kalastusv\u00e4lineit\u00e4 l\u00f6ytyy verannan kaapista. Pienen per\u00e4moottorin voi vuokrata lis\u00e4maksusta.<\/li><li>Aitassa voi y\u00f6py\u00e4 kaksi henke\u00e4 aikaisesta kev\u00e4\u00e4st\u00e4 my\u00f6h\u00e4issyksyyn<\/li><li>Luonnonkivist\u00e4 muurattu grilli l\u00f6ytyy pihakuusen juurelta<\/li><li>Kyl\u00e4tien risteyksess\u00e4 50m p\u00e4\u00e4ss\u00e4 pys\u00e4htyy kauppa-auto kahdesti viikossa<\/li><\/ul><p><strong>Hinnat<\/strong>:<\/p><ol><li>A &#8211; kausi<ul><li>01.06 &#8211; 15.08<\/li><li>18.12 &#8211; 15.01<\/li><li>14.02 &#8211; 06.03<\/li><\/ul><\/li><li>Muina aikoina<\/li><li>Viikonloppuisin<\/li><\/ol><p>Yhteystiedot<\/p><p>Kari Retulainen: 0400 &#8211; 548 551<br \/>Leena-Riitta Retulainen: 040 &#8211; 730 8117<\/p><p>Varaus:<\/p><p><a href=\"mailto:retulainen@pp.inet.fi\">retulainen@pp.inet.fi<\/a><\/p><p><a href=\"http:\/\/www.huvila.net\/938\/\">Ajankohtainen vuokraustilanne.<\/a><\/p><\/li><\/ul><\/div>\n\t\t\t\t<\/div>\n\t\t\t\t<\/div>\n\t\t\t\t<div class=\"elementor-element elementor-element-dd13275 elementor-widget elementor-widget-spacer\" data-id=\"dd13275\" data-element_type=\"widget\" data-widget_type=\"spacer.default\">\n\t\t\t\t<div class=\"elementor-widget-container\">\n\t\t\t\t\t<div class=\"elementor-spacer\">\n\t\t\t<div class=\"elementor-spacer-inner\"><\/div>\n\t\t<\/div>\n\t\t\t\t<\/div>\n\t\t\t\t<\/div>\n\t\t\t\t<div class=\"elementor-element elementor-element-7883427 elementor-widget elementor-widget-jet-portfolio\" data-id=\"7883427\" data-element_type=\"widget\" data-widget_type=\"jet-portfolio.default\">\n\t\t\t\t<div class=\"elementor-widget-container\">\n\t\t\t<div class=\"elementor-jet-portfolio jet-elements\">\n<div class=\"jet-portfolio layout-type-masonry preset-type-1 layout-desktop-column-4 layout-tablet-column-2 layout-mobile-column-1\" data-settings=\"{&quot;layoutType&quot;:&quot;masonry&quot;,&quot;columns&quot;:&quot;4&quot;,&quot;columnsTablet&quot;:&quot;2&quot;,&quot;columnsMobile&quot;:&quot;1&quot;,&quot;perPage&quot;:6}\"><div class=\"jet-portfolio__list\"><article class=\"jet-portfolio__item visible-status\" data-slug=\"{&quot;0&quot;:&quot;all&quot;}\">\n\t<div class=\"jet-portfolio__inner\">\n\t\t<a class=\"jet-portfolio__link \" href=\"http:\/\/retulansaari.fi\/wp-content\/uploads\/2024\/02\/ulkoa1-scaled.jpg\" data-elementor-open-lightbox=\"yes\">\n\t\t\t<div class=\"jet-portfolio__image\">\n\t\t\t\t<img loading=\"lazy\" decoding=\"async\" class=\"jet-portfolio__image-instance\" src=\"https:\/\/retulansaari.fi\/wp-content\/uploads\/2024\/02\/ulkoa1-scaled.jpg\" width=\"1920\" height=\"2560\"  alt=\"ulkoa1\">\t\t\t\t<div class=\"jet-portfolio__image-loader\"><span><\/span><\/div>\n\t\t\t<\/div>\n\t\t<\/a>\n\t\t<div class=\"jet-portfolio__content\">\n\t\t\t<div class=\"jet-portfolio__content-inner\"><\/div>\n\t\t<\/div>\n\n\t<\/div>\n<\/article><article class=\"jet-portfolio__item visible-status\" data-slug=\"{&quot;0&quot;:&quot;all&quot;}\">\n\t<div class=\"jet-portfolio__inner\">\n\t\t<a class=\"jet-portfolio__link \" href=\"http:\/\/retulansaari.fi\/wp-content\/uploads\/2024\/02\/jarvi.jpg\" data-elementor-open-lightbox=\"yes\">\n\t\t\t<div class=\"jet-portfolio__image\">\n\t\t\t\t<img loading=\"lazy\" decoding=\"async\" class=\"jet-portfolio__image-instance\" src=\"https:\/\/retulansaari.fi\/wp-content\/uploads\/2024\/02\/jarvi.jpg\" width=\"1751\" height=\"1703\"  alt=\"j\u00e4rvi\">\t\t\t\t<div class=\"jet-portfolio__image-loader\"><span><\/span><\/div>\n\t\t\t<\/div>\n\t\t<\/a>\n\t\t<div class=\"jet-portfolio__content\">\n\t\t\t<div class=\"jet-portfolio__content-inner\"><\/div>\n\t\t<\/div>\n\n\t<\/div>\n<\/article><article class=\"jet-portfolio__item visible-status\" data-slug=\"{&quot;0&quot;:&quot;all&quot;}\">\n\t<div class=\"jet-portfolio__inner\">\n\t\t<a class=\"jet-portfolio__link \" href=\"http:\/\/retulansaari.fi\/wp-content\/uploads\/2024\/02\/Sisalta-1.jpg\" data-elementor-open-lightbox=\"yes\">\n\t\t\t<div class=\"jet-portfolio__image\">\n\t\t\t\t<img loading=\"lazy\" decoding=\"async\" class=\"jet-portfolio__image-instance\" src=\"https:\/\/retulansaari.fi\/wp-content\/uploads\/2024\/02\/Sisalta-1.jpg\" width=\"2448\" height=\"1836\"  alt=\"Sis\u00e4lt\u00e4 1\">\t\t\t\t<div class=\"jet-portfolio__image-loader\"><span><\/span><\/div>\n\t\t\t<\/div>\n\t\t<\/a>\n\t\t<div class=\"jet-portfolio__content\">\n\t\t\t<div class=\"jet-portfolio__content-inner\"><\/div>\n\t\t<\/div>\n\n\t<\/div>\n<\/article><article class=\"jet-portfolio__item visible-status\" data-slug=\"{&quot;0&quot;:&quot;all&quot;}\">\n\t<div class=\"jet-portfolio__inner\">\n\t\t<a class=\"jet-portfolio__link \" href=\"http:\/\/retulansaari.fi\/wp-content\/uploads\/2024\/02\/aula.jpg\" data-elementor-open-lightbox=\"yes\">\n\t\t\t<div class=\"jet-portfolio__image\">\n\t\t\t\t<img loading=\"lazy\" decoding=\"async\" class=\"jet-portfolio__image-instance\" src=\"https:\/\/retulansaari.fi\/wp-content\/uploads\/2024\/02\/aula.jpg\" width=\"2448\" height=\"1836\"  alt=\"aula\">\t\t\t\t<div class=\"jet-portfolio__image-loader\"><span><\/span><\/div>\n\t\t\t<\/div>\n\t\t<\/a>\n\t\t<div class=\"jet-portfolio__content\">\n\t\t\t<div class=\"jet-portfolio__content-inner\"><\/div>\n\t\t<\/div>\n\n\t<\/div>\n<\/article><article class=\"jet-portfolio__item visible-status\" data-slug=\"{&quot;0&quot;:&quot;all&quot;}\">\n\t<div class=\"jet-portfolio__inner\">\n\t\t<a class=\"jet-portfolio__link \" href=\"http:\/\/retulansaari.fi\/wp-content\/uploads\/2024\/02\/aitta.jpg\" data-elementor-open-lightbox=\"yes\">\n\t\t\t<div class=\"jet-portfolio__image\">\n\t\t\t\t<img loading=\"lazy\" decoding=\"async\" class=\"jet-portfolio__image-instance\" src=\"https:\/\/retulansaari.fi\/wp-content\/uploads\/2024\/02\/aitta.jpg\" width=\"2448\" height=\"1836\"  alt=\"aitta\">\t\t\t\t<div class=\"jet-portfolio__image-loader\"><span><\/span><\/div>\n\t\t\t<\/div>\n\t\t<\/a>\n\t\t<div class=\"jet-portfolio__content\">\n\t\t\t<div class=\"jet-portfolio__content-inner\"><p class=\"jet-portfolio__desc\">Aitta<\/p><\/div>\n\t\t<\/div>\n\n\t<\/div>\n<\/article><article class=\"jet-portfolio__item visible-status\" data-slug=\"{&quot;0&quot;:&quot;all&quot;}\">\n\t<div class=\"jet-portfolio__inner\">\n\t\t<a class=\"jet-portfolio__link \" href=\"http:\/\/retulansaari.fi\/wp-content\/uploads\/2024\/02\/makuuhuone.jpg\" data-elementor-open-lightbox=\"yes\">\n\t\t\t<div class=\"jet-portfolio__image\">\n\t\t\t\t<img loading=\"lazy\" decoding=\"async\" class=\"jet-portfolio__image-instance\" src=\"https:\/\/retulansaari.fi\/wp-content\/uploads\/2024\/02\/makuuhuone.jpg\" width=\"2448\" height=\"1836\"  alt=\"makuuhuone\">\t\t\t\t<div class=\"jet-portfolio__image-loader\"><span><\/span><\/div>\n\t\t\t<\/div>\n\t\t<\/a>\n\t\t<div class=\"jet-portfolio__content\">\n\t\t\t<div class=\"jet-portfolio__content-inner\"><\/div>\n\t\t<\/div>\n\n\t<\/div>\n<\/article><article class=\"jet-portfolio__item visible-status\" data-slug=\"{&quot;0&quot;:&quot;all&quot;}\">\n\t<div class=\"jet-portfolio__inner\">\n\t\t<a class=\"jet-portfolio__link \" href=\"http:\/\/retulansaari.fi\/wp-content\/uploads\/2024\/02\/sisalta-3.jpg\" data-elementor-open-lightbox=\"yes\">\n\t\t\t<div class=\"jet-portfolio__image\">\n\t\t\t\t<img loading=\"lazy\" decoding=\"async\" class=\"jet-portfolio__image-instance\" src=\"https:\/\/retulansaari.fi\/wp-content\/uploads\/2024\/02\/sisalta-3.jpg\" width=\"1836\" height=\"2448\"  alt=\"sis\u00e4lt\u00e4 3\">\t\t\t\t<div class=\"jet-portfolio__image-loader\"><span><\/span><\/div>\n\t\t\t<\/div>\n\t\t<\/a>\n\t\t<div class=\"jet-portfolio__content\">\n\t\t\t<div class=\"jet-portfolio__content-inner\"><\/div>\n\t\t<\/div>\n\n\t<\/div>\n<\/article><article class=\"jet-portfolio__item visible-status\" data-slug=\"{&quot;0&quot;:&quot;all&quot;}\">\n\t<div class=\"jet-portfolio__inner\">\n\t\t<a class=\"jet-portfolio__link \" href=\"http:\/\/retulansaari.fi\/wp-content\/uploads\/2024\/02\/pihasauna.jpg\" data-elementor-open-lightbox=\"yes\">\n\t\t\t<div class=\"jet-portfolio__image\">\n\t\t\t\t<img loading=\"lazy\" decoding=\"async\" class=\"jet-portfolio__image-instance\" src=\"https:\/\/retulansaari.fi\/wp-content\/uploads\/2024\/02\/pihasauna.jpg\" width=\"2448\" height=\"1836\"  alt=\"pihasauna\">\t\t\t\t<div class=\"jet-portfolio__image-loader\"><span><\/span><\/div>\n\t\t\t<\/div>\n\t\t<\/a>\n\t\t<div class=\"jet-portfolio__content\">\n\t\t\t<div class=\"jet-portfolio__content-inner\"><\/div>\n\t\t<\/div>\n\n\t<\/div>\n<\/article><article class=\"jet-portfolio__item visible-status\" data-slug=\"{&quot;0&quot;:&quot;all&quot;}\">\n\t<div class=\"jet-portfolio__inner\">\n\t\t<a class=\"jet-portfolio__link \" href=\"http:\/\/retulansaari.fi\/wp-content\/uploads\/2024\/02\/Viinitupa.jpg\" data-elementor-open-lightbox=\"yes\">\n\t\t\t<div class=\"jet-portfolio__image\">\n\t\t\t\t<img loading=\"lazy\" decoding=\"async\" class=\"jet-portfolio__image-instance\" src=\"https:\/\/retulansaari.fi\/wp-content\/uploads\/2024\/02\/Viinitupa.jpg\" width=\"1836\" height=\"2448\"  alt=\"Viinitupa\">\t\t\t\t<div class=\"jet-portfolio__image-loader\"><span><\/span><\/div>\n\t\t\t<\/div>\n\t\t<\/a>\n\t\t<div class=\"jet-portfolio__content\">\n\t\t\t<div class=\"jet-portfolio__content-inner\"><p class=\"jet-portfolio__desc\">Viinitupa<\/p><\/div>\n\t\t<\/div>\n\n\t<\/div>\n<\/article><\/div><\/div>\n<\/div>\t\t<\/div>\n\t\t\t\t<\/div>\n\t\t\t\t<div class=\"elementor-element elementor-element-9a67ee4 elementor-widget elementor-widget-spacer\" data-id=\"9a67ee4\" data-element_type=\"widget\" data-widget_type=\"spacer.default\">\n\t\t\t\t<div class=\"elementor-widget-container\">\n\t\t\t\t\t<div class=\"elementor-spacer\">\n\t\t\t<div class=\"elementor-spacer-inner\"><\/div>\n\t\t<\/div>\n\t\t\t\t<\/div>\n\t\t\t\t<\/div>\n\t\t\t\t\t\t<\/div>\n\t\t\t<\/div>\n\t\t<\/div>\n\t\t\t\t\t\t<\/div>\n\t\t\t<\/div>\n\t\t<\/section>\n\t\t\t\t\t\t<\/div>\n\t\t\t<\/div>\n\t\t<\/div>\n\t\t","protected":false},"excerpt":{"rendered":"<p>Lepist\u00f6 M\u00f6kki on kunnostettu 2004 nykyajan el\u00e4m\u00e4\u00e4n sopivaksi Vanha kalastajanm\u00f6kki rakennuksineen ja puutarhoineen on osa tyrv\u00e4nt\u00f6l\u00e4ist\u00e4 maaseutumaisemaa. M\u00f6kki on kunnostettu 2004 nykyajan el\u00e4m\u00e4\u00e4n sopivaksi, vanhaa kunnioittavaksi kokonaisuudeksi. Osassa huonekaluista on paikallisten puuseppien k\u00e4denj\u00e4lki n\u00e4kyviss\u00e4. Pihapiiriss\u00e4 kasvavat vanhat ruusut, hedelm\u00e4puut ja marjapensaat. Pieni kivinavetta seisoo edelleen jykev\u00e4sti paikoillaan. Pihasaunalle menev\u00e4 polku on ahkerassa k\u00e4yt\u00f6ss\u00e4. Aittarakennuksen k\u00e4tk\u00f6ist\u00e4 [&hellip;]<\/p>\n","protected":false},"author":7,"featured_media":0,"parent":0,"menu_order":0,"comment_status":"closed","ping_status":"closed","template":"page-templates\/fullwidth-content.php","meta":{"footnotes":""},"_links":{"self":[{"href":"https:\/\/retulansaari.fi\/index.php?rest_route=\/wp\/v2\/pages\/382"}],"collection":[{"href":"https:\/\/retulansaari.fi\/index.php?rest_route=\/wp\/v2\/pages"}],"about":[{"href":"https:\/\/retulansaari.fi\/index.php?rest_route=\/wp\/v2\/types\/page"}],"author":[{"embeddable":true,"href":"https:\/\/retulansaari.fi\/index.php?rest_route=\/wp\/v2\/users\/7"}],"replies":[{"embeddable":true,"href":"https:\/\/retulansaari.fi\/index.php?rest_route=%2Fwp%2Fv2%2Fcomments&post=382"}],"version-history":[{"count":24,"href":"https:\/\/retulansaari.fi\/index.php?rest_route=\/wp\/v2\/pages\/382\/revisions"}],"predecessor-version":[{"id":1531,"href":"https:\/\/retulansaari.fi\/index.php?rest_route=\/wp\/v2\/pages\/382\/revisions\/1531"}],"wp:attachment":[{"href":"https:\/\/retulansaari.fi\/index.php?rest_route=%2Fwp%2Fv2%2Fmedia&parent=382"}],"curies":[{"name":"wp","href":"https:\/\/api.w.org\/{rel}","templated":true}]}}